
Calculate the remainder when 2217 is divided by 12.
9
Calculate the remainder when 613 is divided by 118.
23
What is the remainder when 680 is divided by 11?
9
What is the remainder when 577 is divided by 205?
167
Calculate the remainder when 11 is divided by 3.
2
What is the remainder when 1023 is divided by 27?
24
Calculate the remainder when 333 is divided by 49.
39
What is the remainder when 1183 is divided by 99?
94
What is the remainder when 21 is divided by 19?
2
Calculate the remainder when 550 is divided by 19.
18
What is the remainder when 384 is divided by 125?
9
What is the remainder when 23 is divided by 9?
5
Calculate the remainder when 387 is divided by 212.
175
What is the remainder when 1019 is divided by 16?
11
What is the remainder when 728 is divided by 27?
26
Calculate the remainder when 218 is divided by 36.
2
Calculate the remainder when 15 is divided by 4.
3
What is the remainder when 41155 is divided by 17?
15
Calculate the remainder when 515 is divided by 117.
47
What is the remainder when 34814 is divided by 15?
14
Calculate the remainder when 104 is divided by 36.
32
What is the remainder when 78 is divided by 45?
33
What is the remainder when 710 is divided by 179?
173
Calculate the remainder when 206 is divided by 4.
2
Calculate the remainder when 284 is divided by 59.
48
What is the remainder when 4078 is divided by 4068?
10
Calculate the remainder when 1063 is divided by 89.
84
Calculate the remainder when 90 is divided by 2.
0
Calculate the remainder when 35745 is divided by 27.
24
What is the remainder when 212 is divided by 75?
62
Calculate the remainder when 175 is divided by 153.
22
Calculate the remainder when 173 is divided by 59.
55
What is the remainder when 729 is divided by 17?
15
What is the remainder when 75 is divided by 4?
3
What is the remainder when 191 is divided by 7?
2
What is the remainder when 1038 is divided by 80?
78
What is the remainder when 528 is divided by 104?
8
Calculate the remainder when 204 is divided by 35.
29
Calculate the remainder when 406 is divided by 134.
4
Calculate the remainder when 730 is divided by 191.
157
Calculate the remainder when 256 is divided by 118.
20
Calculate the remainder when 1035 is divided by 257.
7
Calculate the remainder when 1873 is divided by 134.
131
What is the remainder when 771 is divided by 18?
15
What is the remainder when 1895 is divided by 938?
19
What is the remainder when 98 is divided by 20?
18
Calculate the remainder when 530 is divided by 4.
2
What is the remainder when 1851 is divided by 18?
15
What is the remainder when 30 is divided by 23?
7
Calculate the remainder when 1103 is divided by 79.
76
What is the remainder when 1336 is divided by 84?
76
What is the remainder when 584 is divided by 148?
140
Calculate the remainder when 984 is divided by 97.
14
What is the remainder when 93 is divided by 44?
5
Calculate the remainder when 875 is divided by 14.
7
Calculate the remainder when 786 is divided by 262.
0
What is the remainder when 162 is divided by 155?
7
What is the remainder when 646 is divided by 5?
1
Calculate the remainder when 503 is divided by 22.
19
Calculate the remainder when 24148 is divided by 175.
173
Calculate the remainder when 904 is divided by 229.
217
What is the remainder when 221 is divided by 52?
13
Calculate the remainder when 417 is divided by 16.
1
Calculate the remainder when 574 is divided by 286.
2
Calculate the remainder when 413 is divided by 128.
29
Calculate the remainder when 249 is divided by 13.
2
Calculate the remainder when 192 is divided by 50.
42
What is the remainder when 330 is divided by 9?
6
Calculate the remainder when 575 is divided by 553.
22
What is the remainder when 393 is divided by 50?
43
Calculate the remainder when 644 is divided by 36.
32
Calculate the remainder when 37 is divided by 11.
4
Calculate the remainder when 39 is divided by 5.
4
Calculate the remainder when 9177 is divided by 9.
6
What is the remainder when 1057 is divided by 116?
13
What is the remainder when 3826 is divided by 44?
42
Calculate the remainder when 1131 is divided by 18.
15
Calculate the remainder when 1590 is divided by 40.
30
What is the remainder when 646 is divided by 50?
46
Calculate the remainder when 1080 is divided by 23.
22
Calculate the remainder when 33 is divided by 17.
16
Calculate the remainder when 9217 is divided by 6.
1
What is the remainder when 1146 is divided by 47?
18
What is the remainder when 6157 is divided by 55?
52
What is the remainder when 1213 is divided by 76?
73
Calculate the remainder when 1533 is divided by 56.
21
Calculate the remainder when 178 is divided by 22.
2
Calculate the remainder when 65 is divided by 33.
32
Calculate the remainder when 5780 is divided by 59.
57
What is the remainder when 15 is divided by 4?
3
Calculate the remainder when 3135 is divided by 28.
27
Calculate the remainder when 576 is divided by 58.
54
Calculate the remainder when 92 is divided by 20.
12
What is the remainder when 115 is divided by 30?
25
Calculate the remainder when 165 is divided by 21.
18
What is the remainder when 634 is divided by 180?
94
What is the remainder when 38 is divided by 27?
11
What is the remainder when 84 is divided by 10?
4
Calculate the remainder when 3195 is divided by 13.
10
What is the remainder when 219 is divided by 103?
13
Calculate the remainder when 374 is divided by 13.
10
Calculate the remainder when 10917 is divided by 52.
49
Calculate the remainder when 18381 is divided by 9186.
9
What is the remainder when 20978 is divided by 81?
80
Calculate the remainder when 17891 is divided by 46.
43
What is the remainder when 1237 is divided by 152?
21
What is the remainder when 58 is divided by 6?
4
What is the remainder when 151 is divided by 39?
34
Calculate the remainder when 1293 is divided by 37.
35
What is the remainder when 283 is divided by 17?
11
Calculate the remainder when 96 is divided by 34.
28
What is the remainder when 186 is divided by 40?
26
Calculate the remainder when 2103 is divided by 117.
114
What is the remainder when 81 is divided by 15?
6
What is the remainder when 5951 is divided by 24?
23
What is the remainder when 952 is divided by 235?
12
What is the remainder when 743 is divided by 22?
17
What is the remainder when 117 is divided by 5?
2
What is the remainder when 1567 is divided by 313?
2
Calculate the remainder when 732 is divided by 355.
22
Calculate the remainder when 68 is divided by 15.
8
Calculate the remainder when 2157 is divided by 15.
12
Calculate the remainder when 381 is divided by 98.
87
Calculate the remainder when 62 is divided by 11.
7
Calculate the remainder when 516 is divided by 105.
96
Calculate the remainder when 4137 is divided by 37.
30
What is the remainder when 18040 is divided by 62?
60
What is the remainder when 317 is divided by 3?
2
What is the remainder when 151 is divided by 27?
16
Calculate the remainder when 42 is divided by 11.
9
What is the remainder when 207 is divided by 75?
57
What is the remainder when 315 is divided by 107?
101
What is the remainder when 1637 is divided by 133?
41
Calculate the remainder when 106 is divided by 52.
2
What is the remainder when 146 is divided by 89?
57
What is the remainder when 621 is divided by 126?
117
What is the remainder when 656 is divided by 15?
11
Calculate the remainder when 986 is divided by 10.
6
What is the remainder when 58 is divided by 31?
27
Calculate the remainder when 3736 is divided by 187.
183
Calculate the remainder when 27323 is divided by 244.
239
Calculate the remainder when 256 is divided by 88.
80
What is the remainder when 31 is divided by 6?
1
Calculate the remainder when 329 is divided by 35.
14
What is the remainder when 533 is divided by 60?
53
Calculate the remainder when 711 is divided by 14.
11
What is the remainder when 33 is divided by 19?
14
What is the remainder when 465 is divided by 13?
10
What is the remainder when 46 is divided by 7?
4
Calculate the remainder when 2126 is divided by 76.
74
Calculate the remainder when 2854 is divided by 52.
46
What is the remainder when 128 is divided by 5?
3
What is the remainder when 3453 is divided by 157?
156
Calculate the remainder when 163 is divided by 41.
40
What i